{"id":52429,"date":"2025-03-21T16:43:53","date_gmt":"2025-03-21T15:43:53","guid":{"rendered":"https:\/\/www.thevandal.be\/?post_type=product&#038;p=52429"},"modified":"2026-04-30T17:07:12","modified_gmt":"2026-04-30T15:07:12","slug":"bc-trucker-cap-s25","status":"publish","type":"product","link":"https:\/\/www.thevandal.be\/fr\/shop\/heren\/belgian-cycling-collectie\/bc-trucker-cap-s25\/","title":{"rendered":"Casquette BC Trucker S25"},"content":{"rendered":"","protected":false},"excerpt":{"rendered":"<p data-start=\"48\" data-end=\"113\"><strong data-start=\"48\" data-end=\"111\">Devenez un v\u00e9ritable h\u00e9ros du cyclisme avec la collection Belgian Cycling !<\/strong><\/p>\n<p data-start=\"115\" data-end=\"252\">Vous voulez \u00eatre aussi \u00e9l\u00e9gant que nos h\u00e9ros cyclistes nationaux ? C'est d\u00e9sormais possible avec le tout nouveau\u00a0<strong data-start=\"212\" data-end=\"241\">Collection cycliste belge<\/strong>! \ud83d\udeb4\u200d\u2642\ufe0f\ud83d\udd25<\/p>\n<p data-start=\"254\" data-end=\"506\">\u00c0 partir de 2025\u00a0<strong data-start=\"268\" data-end=\"282\">The Vandal<\/strong>\u00a0le partenaire vestimentaire officiel de\u00a0<strong data-start=\"315\" data-end=\"334\">Belgian Cycling<\/strong>\u00a0- pour les cyclistes et le personnel. Que vous soyez sur le v\u00e9lo ou que vous souhaitiez simplement arborer un look sportif, cette collection vous permet d'adopter le style de l'Europe de l'Est.\u00a0<strong data-start=\"482\" data-end=\"504\">Wout, Remco, Lotte et compagnie.<\/strong><\/p>\n<p data-start=\"508\" data-end=\"613\">\ud83c\udde7\ud83c\uddea\u00a0<strong data-start=\"513\" data-end=\"559\">Con\u00e7u en Belgique, imprim\u00e9 dans l'UE<\/strong>\u00a0- Qualit\u00e9 et passion du cyclisme garanties !<\/p>\n<p data-start=\"615\" data-end=\"657\" data-is-last-node=\"\" data-is-only-node=\"\"><strong data-start=\"618\" data-end=\"657\" data-is-last-node=\"\">Achetez maintenant et montrez votre fiert\u00e9 belge !<\/strong><\/p>\n<p>&nbsp;<\/p>","protected":false},"featured_media":52412,"template":"","meta":{"_acf_changed":false},"product_brand":[],"product_cat":[468,44],"product_tag":[],"class_list":{"0":"post-52429","1":"product","2":"type-product","3":"status-publish","4":"has-post-thumbnail","6":"product_cat-belgian-cycling-collectie","7":"product_cat-belgian-cycling","9":"first","10":"outofstock","11":"taxable","12":"shipping-taxable","13":"purchasable","14":"product-type-simple"},"acf":[],"_links":{"self":[{"href":"https:\/\/www.thevandal.be\/fr\/wp-json\/wp\/v2\/product\/52429","targetHints":{"allow":["GET"]}}],"collection":[{"href":"https:\/\/www.thevandal.be\/fr\/wp-json\/wp\/v2\/product"}],"about":[{"href":"https:\/\/www.thevandal.be\/fr\/wp-json\/wp\/v2\/types\/product"}],"wp:featuredmedia":[{"embeddable":true,"href":"https:\/\/www.thevandal.be\/fr\/wp-json\/wp\/v2\/media\/52412"}],"wp:attachment":[{"href":"https:\/\/www.thevandal.be\/fr\/wp-json\/wp\/v2\/media?parent=52429"}],"wp:term":[{"taxonomy":"product_brand","embeddable":true,"href":"https:\/\/www.thevandal.be\/fr\/wp-json\/wp\/v2\/product_brand?post=52429"},{"taxonomy":"product_cat","embeddable":true,"href":"https:\/\/www.thevandal.be\/fr\/wp-json\/wp\/v2\/product_cat?post=52429"},{"taxonomy":"product_tag","embeddable":true,"href":"https:\/\/www.thevandal.be\/fr\/wp-json\/wp\/v2\/product_tag?post=52429"}],"curies":[{"name":"wp","href":"https:\/\/api.w.org\/{rel}","templated":true}]}}

<p data-start="48" data-end="113"><strong data-start="48" data-end="111">Devenez un véritable héros du cyclisme avec la collection Belgian Cycling !</strong></p>
<p data-start="115" data-end="252">Vous voulez être aussi élégant que nos héros cyclistes nationaux ? C'est désormais possible avec le tout nouveau <strong data-start="212" data-end="241">Collection cycliste belge</strong>! 🚴‍♂️🔥</p>
<p data-start="254" data-end="506">À partir de 2025 <strong data-start="268" data-end="282">The Vandal</strong> le partenaire vestimentaire officiel de <strong data-start="315" data-end="334">Belgian Cycling</strong> - pour les cyclistes et le personnel. Que vous soyez sur le vélo ou que vous souhaitiez simplement arborer un look sportif, cette collection vous permet d'adopter le style de l'Europe de l'Est. <strong data-start="482" data-end="504">Wout, Remco, Lotte et compagnie.</strong></p>
<p data-start="508" data-end="613">🇧🇪 <strong data-start="513" data-end="559">Conçu en Belgique, imprimé dans l'UE</strong> - Qualité et passion du cyclisme garanties !</p>
<p data-start="615" data-end="657" data-is-last-node="" data-is-only-node=""><strong data-start="618" data-end="657" data-is-last-node="">Achetez maintenant et montrez votre fierté belge !</strong></p>
<p>&nbsp;</p>
