{"id":40103,"date":"2023-08-25T10:07:52","date_gmt":"2023-08-25T08:07:52","guid":{"rendered":"https:\/\/www.thevandal.be\/?post_type=product&#038;p=40103"},"modified":"2026-07-17T21:46:50","modified_gmt":"2026-07-17T19:46:50","slug":"vuelta-limited-t-shirt","status":"publish","type":"product","link":"https:\/\/www.thevandal.be\/fr\/shop\/lentezomer23\/vuelta-limited-t-shirt\/","title":{"rendered":"T-shirt Vuelta Limited"},"content":{"rendered":"","protected":false},"excerpt":{"rendered":"<p>La Vuelta, le 3e des grands tours. Le Tour des deuxi\u00e8mes chances. Les hommes du classement qui, par malchance ou maladie, n'ont pas pu abattre leurs cartes sur le Tour ou le Giro, ont ici une deuxi\u00e8me chance. Mais cette ann\u00e9e, le plateau de participants est tout \u00e0 fait exceptionnel ! Avec Remco, Primoz et Jonas, le vainqueur du Tour, nous nous attendons \u00e0 une \u00e9dition riche en rebondissements.<br \/>\nSp\u00e9cialement pour cette \u00e9dition, nous avons con\u00e7u ce t-shirt en \u00e9dition limit\u00e9e. Subtilement fini avec notre coureur embl\u00e9matique en \u00e9tain dans le maillot rouge et disponible en deux couleurs, Anthracite et terre rouge. Compl\u00e9tez votre collection Grand Tour avec notre troisi\u00e8me t-shirt de l'ann\u00e9e \ud83d\ude09<\/p>\n<div><\/div>\n<p>&nbsp;<\/p>","protected":false},"featured_media":56969,"template":"","meta":{"_acf_changed":false},"product_brand":[],"product_cat":[188,18],"product_tag":[],"class_list":["post-40103","product","type-product","status-publish","has-post-thumbnail","product_cat-lentezomer23","product_cat-t-shirts","first","instock","taxable","shipping-taxable","purchasable","product-type-variable","has-default-attributes"],"acf":[],"_links":{"self":[{"href":"https:\/\/www.thevandal.be\/fr\/wp-json\/wp\/v2\/product\/40103","targetHints":{"allow":["GET"]}}],"collection":[{"href":"https:\/\/www.thevandal.be\/fr\/wp-json\/wp\/v2\/product"}],"about":[{"href":"https:\/\/www.thevandal.be\/fr\/wp-json\/wp\/v2\/types\/product"}],"wp:featuredmedia":[{"embeddable":true,"href":"https:\/\/www.thevandal.be\/fr\/wp-json\/wp\/v2\/media\/56969"}],"wp:attachment":[{"href":"https:\/\/www.thevandal.be\/fr\/wp-json\/wp\/v2\/media?parent=40103"}],"wp:term":[{"taxonomy":"product_brand","embeddable":true,"href":"https:\/\/www.thevandal.be\/fr\/wp-json\/wp\/v2\/product_brand?post=40103"},{"taxonomy":"product_cat","embeddable":true,"href":"https:\/\/www.thevandal.be\/fr\/wp-json\/wp\/v2\/product_cat?post=40103"},{"taxonomy":"product_tag","embeddable":true,"href":"https:\/\/www.thevandal.be\/fr\/wp-json\/wp\/v2\/product_tag?post=40103"}],"curies":[{"name":"wp","href":"https:\/\/api.w.org\/{rel}","templated":true}]}}

<p>La Vuelta, le 3e des grands tours. Le Tour des deuxièmes chances. Les hommes du classement qui, par malchance ou maladie, n'ont pas pu abattre leurs cartes sur le Tour ou le Giro, ont ici une deuxième chance. Mais cette année, le plateau de participants est tout à fait exceptionnel ! Avec Remco, Primoz et Jonas, le vainqueur du Tour, nous nous attendons à une édition riche en rebondissements.<br />
Spécialement pour cette édition, nous avons conçu ce t-shirt en édition limitée. Subtilement fini avec notre coureur emblématique en étain dans le maillot rouge et disponible en deux couleurs, Anthracite et terre rouge. Complétez votre collection Grand Tour avec notre troisième t-shirt de l'année 😉</p>
<div></div>
<p>&nbsp;</p>
